 is divided by z.
3
Suppose -3 = -3*s, -2*d - s + 98 = -3*s. Suppose 3*u - d = 46. What is the remainder when 59 is divided by u?
27
Let x(b) = 4*b**2 + 2*b - 4. What is the remainder when x(4) is divided by 14?
12
Calculate the remainder when (-1)/(3/(-434 - -5)) is divided by 29.
27
Let n = 27 - -21. Suppose c = 2 + 4. Calculate the remainder when n is divided by 84/8 + (-3)/c.
8
Let n be 1*-2 - (5 + (-15 - -2)). Let o(b) = 4*b**2 - 19*b - 2. Let q = 31 + -21. Calculate the remainder when o(n) is divided by q.
8
Suppose -4*c + r + 4*r = -383, -3*c - 4*r = -295. Calculate the remainder when c is divided by 185/17 + 18/153.
9
Suppose 142*i - 148*i = -1380. Calculate the remainder when i is divided by 93.
44
Let o = 496 + -462. Calculate the remainder when 166 is divided by o.
30
What is the remainder when -2*(-32 + (-143)/13) is divided by 46?
40
Suppose 0*m + 227 = 2*m - 5*t, 2*m - 2*t - 236 = 0. Calculate the remainder when m is divided by 13.
4
Let q = 50 - -4. Suppose 14*m = 13*m + q. What is the remainder when m is divided by 11?
10
Let p(t) be the third derivative of 1/8*t**4 - 9*t**2 + 5/2*t**3 + 0*t + 0. What is the remainder when 27 is divided by p(0)?
12
Let r = -106 - -105. What is the remainder when 75 is divided by (24/32)/(r/(-8))?
3
Suppose 3*y + 56 - 5 = d, -55 = -d + 4*y. What is the remainder when 154 is divided by d?
37
What is the remainder when -21*(-4 - (4 - 6)) is divided by 9?
6
Suppose -a + 67 = c - 97, -a - 641 = -4*c. Let o = 54 - 13. Calculate the remainder when c is divided by o.
38
Suppose 0 = 2*r + r - 369. Suppose 4*f - 57 - r = 0. What is the remainder when f is divided by ((4/1)/2)/(54/324)?
9
Let h(b) = 20*b**3 - 2*b**2 - 2*b + 2. What is the remainder when 42 is divided by h(1)?
6
Let b = -141 + 307. Calculate the remainder when b is divided by 85.
81
Suppose 3*w + 1 = v + 12, -2*v - 2 = 4*w. Calculate the remainder when 19 is divided by (w + 0 - 6) + 7.
1
Suppose 2*a - 55 - 13 = 0. Calculate the remainder when a is divided by 14 + 5*6/6.
15
Let c(y) = -169*y**2 - 2*y - 23. Let w(n) = -56*n**2 - n - 8. Let l(q) = -4*c(q) + 11*w(q). Calculate the remainder when l(1) is divided by 31.
30
Let m = -369 - -524. What is the remainder when m is divided by 12?
11
Let b = -331 + 346. Calculate the remainder when 104 is divided by b.
14
Let k = -44 + 51. Suppose 4*n - k*n + 42 = 0. Suppose 55 = 2*t - t. Calculate the remainder when t is divided by n.
13
Let x be (-2)/12 - (-908)/(-24). Let q = x + 46. What is the remainder when 39 is divided by q?
7
Suppose -3*q - 3*p - 3 = 0, -5*q = -2*p - 14 - 9. Suppose 38 = -a + 3*a - 2*g, 47 = q*a - 5*g. Calculate the remainder when a is divided by 7.
3
Suppose -34*v = -37*v + 21. Suppose 0 = 2*c - 4. Calculate the remainder when v is divided by c.
1
Suppose 9*v = 10*v - 29. Calculate the remainder when v is divided by 11.
7
Suppose -30*k + 396 = 14*k. Calculate the remainder when 96 is divided by k.
6
Suppose 2*g = 7*g - 100. Suppose -3*a + g = -a. Suppose 175*t - 30 = 170*t. What is the remainder when a is divided by t?
4
Suppose -151*w = -153*w + 46. Calculate the remainder when w is divided by 3.
2
Let o = 131 + -92. Let b = 68 - o. What is the remainder when 85 is divided by b?
27
Suppose 391 = 9*b - 59. Calculate the remainder when 295 is divided by b.
45
Let n(x) = -x**2 - 5*x - 4. Let h be n(-3). Let l be (-2980)/(-12) + h/(-6). Suppose 4*v - l = -80. Calculate the remainder when v is divided by 9.
6
Let q(j) = -j**2 + 2*j + 7. Let z be q(4). What is the remainder when 15 - 12 - (-1 - z) is divided by ((-6)/(-1))/(-3) - -4?
1
Let v(u) = 2*u**2 + 54*u + 65. What is the remainder when 48 is divided by v(-26)?
9
Let b = 28 + -14. Suppose -2*l - 17 = 9. Let f = l - -17. Calculate the remainder when b is divided by f.
2
Suppose 2*c + 0*c - 6 = 0. Suppose -4*o - 3*w + 27 = 2*w, 44 = c*o - w. Calculate the remainder when 102 is divided by o.
11
Suppose -34*a - 8*a = -2814. Calculate the remainder when a is divided by 23.
21
Let y(t) = -2*t**2 + 25. Suppose 0 = -3*q + 3*w, -3*q = 6*w - w. Let o(r) = r**2 + 4*r + 2. Calculate the remainder when y(q) is divided by o(-6).
11
Suppose 5*o - o - 68 = 5*n, -2*n + 52 = 2*o. Let r(a) = a**2 - 4*a - 9. Calculate the remainder when o is divided by r(7).
10
Let o be (-18)/6 - 10*-2. Let t = o + -14. Suppose -3*m = -2*u - 2*u + 5, -t*u - 2*m + 25 = 0. Calculate the remainder when u is divided by 3.
2
Let i = 500 - 373. Calculate the remainder when i is divided by 45.
37
Let p(n) = 15*n + 3. Let t be p(-4). Let c = -39 - t. Let m = -36 + 41. What is the remainder when c is divided by m?
3
Let f = -2 + 6. Let u(l) = 5*l**2 - 5*l - 7. Suppose -9 = -3*s + 45. What is the remainder when u(f) is divided by s?
17
Suppose -5*i = m - 29, 9*i - 6*i - 21 = -m. Suppose -m*l + 0*l = -153. What is the remainder when 67 is divided by l?
16
Let z(c) = c**2 + 13*c - 3. Let a(j) = -j**3 + 2*j**2 + 2*j + 3. Let l = -17 - -14. Calculate the remainder when a(l) is divided by z(-14).
9
Calculate the remainder when (-4)/(-6)*(-90)/(-12)*19 is divided by 2 + -3*46/(-6).
20
Let z = -1765 - -1772. What is the remainder when 171 is divided by z?
3
Let o(v) be the third derivative of v**5/20 - v**4/8 + v**3/6 - 14*v**2. What is the remainder when 146 is divided by o(-3)?
35
Let n = 245 - 228. What is the remainder when 118 is divided by n?
16
Suppose -3*a - 5*r + 47 = 8, r - 19 = -2*a. Suppose a*l + 140 = 9*l. Suppose 5*n - 72 = 2*n + s, 5*n = -5*s + l. What is the remainder when n is divided by 7?
4
Suppose 142*i - 146*i - 506 = -2*c, 0 = 5*c + i - 1320. Calculate the remainder when c is divided by 90.
83
Suppose 0 = 4*d - d - 15. Suppose -2*n = d*t + n - 20, 3*t + 2*n = 12. Calculate the remainder when t is divided by 3.
1
Calculate the remainder when 217 is divided by 5 + 27/9 - -21.
14
Suppose -3*k = 5*d - 79, 3*d - 8*d = -2*k - 89. Suppose -q = -4*z - 69, z - d = q - 71. Calculate the remainder when q is divided by 13.
10
Let b be (-12)/(-18) - (-123)/(-9). Let t = 18 + b. Suppose 5*c + 4*x - 34 = 3*c, -t*c + 137 = -3*x. Calculate the remainder when c is divided by 7.
4
Let y(i) = 6*i - 6. Let l(x) = -3*x + 4. Let b(o) = 13*l(o) + 6*y(o). What is the remainder when 146 is divided by b(-7)?
35
Let s be (-2)/3*45/(-10). Suppose -3*a + 2*a = -s. Suppose -a*n + 26 = 4*g, -2*n - 2*g + 19 = -g. Calculate the remainder when 17 is divided by n.
7
Suppose d - 51 = -4*k, -d + 48 = 2*k + 21. Suppose 0*h = 3*h - 132. What is the remainder when h is divided by k?
8
Suppose 5*v + 0 + 15 = 2*m, 0 = -5*v - 3*m - 15. Suppose -2*c + 7 = 1. What is the remainder when c*(-38)/v - -1 is divided by 14?
11
Suppose 16*n - 1001 = 5*n. Calculate the remainder when n is divided by 46.
45
Let v be -2*1/6*-9. Let y(l) = 10*l - 2. Suppose 2*m + 10 = 3*m. Calculate the remainder when y(v) is divided by m.
8
Suppose 2*o + 3*a + 21 = 80, o - 4*a = 35. What is the remainder when o is divided by 3059/322 + (-3)/(-2)?
9
Let o(i) = i**2 + 3*i - 22. Calculate the remainder when 255 is divided by o(-11).
57
Let r(y) = 3*y**3 + 2*y**2 - 3*y + 1. Suppose 48 = 3*q + 3*c, 2*q - 64 = -2*q + c. What is the remainder when r(2) is divided by q?
11
Suppose 0 = -3*c - 21 + 3. What is the remainder when 23 is divided by (-3 - 2)/(5 + c)?
3
Suppose 0 = 4*b - 3*p - 97, 5*b - 115 = p + 20. Let o(u) = u**3 - 60*u**2 - 2*u + 230. What is the remainder when o(60) is divided by b?
26
Let k(t) = -t**3 + 3*t**2 + 4. Let j be k(3). Suppose 4*d = 6*d - j. Calculate the remainder when (4 - 0 - -40)/d is divided by 8.
6
Suppose 0*n + 20 = 4*n. Suppose -4*g - 18 = -5*s, -4*g + s - 6 = -2*g. What is the remainder when (-3 + 11/(-2))*g is divided by n?
2
Let i(s) = -2*s**2 + 10*s - 5. Let h be i(4). Suppose 4*t - 5*o + 3*o - 48 = 0, 0 = 4*t + h*o - 38. What is the remainder when 65 is divided by t?
10
Let l be (0 - -1)/((-3)/60*-1). Let h = l - 1. Calculate the remainder when 35 is divided by h.
16
Suppose -47 + 49 = 2*d. Calculate the remainder when (d/1)/((-5)/(-235)) is divided by 10.
7
Let f(a) = 6*a**2 + 3*a - 3. Let j be f(3). Suppose -j - 12 = -3*i. What is the remainder when i is divided by 13?
11
Let q(z) = z + 4*z - 6*z + z**3 - 3 + 4 + z**2. Let t be q(-2). What is the remainder when 23 is divided by 10 + -9 - (t 